{"id":2688,"date":"2024-09-28T17:51:45","date_gmt":"2024-09-28T17:51:45","guid":{"rendered":"https:\/\/gray-otter-722198.hostingersite.com\/?page_id=2688"},"modified":"2026-03-30T16:34:29","modified_gmt":"2026-03-30T16:34:29","slug":"tipi-tam-tam-musica-en-familia-0-5-anys","status":"publish","type":"page","link":"https:\/\/lallumdelavila.com\/blog\/tipi-tam-tam-musica-en-familia-0-5-anys\/","title":{"rendered":"M\u00fasica en fam\u00edlia 0-5 anys"},"content":{"rendered":"<div class=\"wp-block-image\">\n<figure class=\"aligncenter size-medium\"><a href=\"https:\/\/lallumdelavila.com\/blog\/wp-content\/uploads\/2026\/03\/WhatsApp-Image-2026-01-18-at-17.48.18.jpeg\"><img loading=\"lazy\" decoding=\"async\" width=\"300\" height=\"300\" src=\"https:\/\/lallumdelavila.com\/blog\/wp-content\/uploads\/2026\/03\/WhatsApp-Image-2026-01-18-at-17.48.18-300x300.jpeg\" alt=\"\" class=\"wp-image-2815\" srcset=\"https:\/\/lallumdelavila.com\/blog\/wp-content\/uploads\/2026\/03\/WhatsApp-Image-2026-01-18-at-17.48.18-300x300.jpeg 300w, https:\/\/lallumdelavila.com\/blog\/wp-content\/uploads\/2026\/03\/WhatsApp-Image-2026-01-18-at-17.48.18-1024x1024.jpeg 1024w, https:\/\/lallumdelavila.com\/blog\/wp-content\/uploads\/2026\/03\/WhatsApp-Image-2026-01-18-at-17.48.18-150x150.jpeg 150w, https:\/\/lallumdelavila.com\/blog\/wp-content\/uploads\/2026\/03\/WhatsApp-Image-2026-01-18-at-17.48.18-768x768.jpeg 768w, https:\/\/lallumdelavila.com\/blog\/wp-content\/uploads\/2026\/03\/WhatsApp-Image-2026-01-18-at-17.48.18.jpeg 1080w\" sizes=\"auto, (max-width: 300px) 100vw, 300px\" \/><\/a><\/figure><\/div>\n\n\n<p>Un plaer presentar-vos els dimarts a la tarda a La Llum de la Vila la m\u00fasica en fam\u00edlia de la m\u00e0 de la Gabriela Luchilo, un programa especial dirigit a fam\u00edlies amb petitons de 0 a 5 anys, amb una passi\u00f3 en com\u00fa amb La Llum de la Vila: la bona m\u00fasica a l&#8217;abast de tothom \ud83d\ude09<\/p>\n\n\n\n<p>Una pedagogia que valora l&#8217;experimentaci\u00f3 com a eina d&#8217;aprenentatge, fer m\u00fasica, viure la m\u00fasica i gaudir la m\u00fasica juntes per enriquir vincles i passar una tarda preciosa amb els vostres fills i filles, i poder-vos endur aquesta viv\u00e8ncia a casa tamb\u00e9.<\/p>\n\n\n\n<p>DADES:<\/p>\n\n\n\n<ul class=\"wp-block-list\">\n<li>Dimarts 17.15h<\/li>\n\n\n\n<li>Sessions de grups redu\u00efts (entre 8 i 10 fam\u00edlies com a m\u00e0xim)<\/li>\n\n\n\n<li>Tarifa: 40\u20ac mensuals<\/li>\n\n\n\n<li>M\u00e9s informaci\u00f3 a: hola@lallumdelavila.com<\/li>\n\n\n\n<li>Reserves: hola@lallumdelavila.com \/\/ +34 639 832 436<\/li>\n<\/ul>\n","protected":false},"excerpt":{"rendered":"<p>Un plaer presentar-vos els dimarts a la tarda a La Llum de la Vila la m\u00fasica en fam\u00edlia de la m\u00e0 de la Gabriela Luchilo, un programa especial dirigit a fam\u00edlies amb petitons de 0 a 5 anys, amb una passi\u00f3 en com\u00fa amb La Llum de la Vila: la bona m\u00fasica a l&#8217;abast de [&hellip;]<\/p>\n","protected":false},"author":2,"featured_media":0,"parent":0,"menu_order":0,"comment_status":"closed","ping_status":"closed","template":"","meta":{"footnotes":""},"class_list":["post-2688","page","type-page","status-publish","czr-hentry"],"_links":{"self":[{"href":"https:\/\/lallumdelavila.com\/blog\/wp-json\/wp\/v2\/pages\/2688","targetHints":{"allow":["GET"]}}],"collection":[{"href":"https:\/\/lallumdelavila.com\/blog\/wp-json\/wp\/v2\/pages"}],"about":[{"href":"https:\/\/lallumdelavila.com\/blog\/wp-json\/wp\/v2\/types\/page"}],"author":[{"embeddable":true,"href":"https:\/\/lallumdelavila.com\/blog\/wp-json\/wp\/v2\/users\/2"}],"replies":[{"embeddable":true,"href":"https:\/\/lallumdelavila.com\/blog\/wp-json\/wp\/v2\/comments?post=2688"}],"version-history":[{"count":6,"href":"https:\/\/lallumdelavila.com\/blog\/wp-json\/wp\/v2\/pages\/2688\/revisions"}],"predecessor-version":[{"id":2817,"href":"https:\/\/lallumdelavila.com\/blog\/wp-json\/wp\/v2\/pages\/2688\/revisions\/2817"}],"wp:attachment":[{"href":"https:\/\/lallumdelavila.com\/blog\/wp-json\/wp\/v2\/media?parent=2688"}],"curies":[{"name":"wp","href":"https:\/\/api.w.org\/{rel}","templated":true}]}}

Música en família 0-5 anys

<div class="wp-block-image">
<figure class="aligncenter size-medium"><a href="https://lallumdelavila.com/blog/wp-content/uploads/2026/03/WhatsApp-Image-2026-01-18-at-17.48.18.jpeg"><img loading="lazy" decoding="async" width="300" height="300" src="https://lallumdelavila.com/blog/wp-content/uploads/2026/03/WhatsApp-Image-2026-01-18-at-17.48.18-300x300.jpeg" alt="" class="wp-image-2815" srcset="https://lallumdelavila.com/blog/wp-content/uploads/2026/03/WhatsApp-Image-2026-01-18-at-17.48.18-300x300.jpeg 300w, https://lallumdelavila.com/blog/wp-content/uploads/2026/03/WhatsApp-Image-2026-01-18-at-17.48.18-1024x1024.jpeg 1024w, https://lallumdelavila.com/blog/wp-content/uploads/2026/03/WhatsApp-Image-2026-01-18-at-17.48.18-150x150.jpeg 150w, https://lallumdelavila.com/blog/wp-content/uploads/2026/03/WhatsApp-Image-2026-01-18-at-17.48.18-768x768.jpeg 768w, https://lallumdelavila.com/blog/wp-content/uploads/2026/03/WhatsApp-Image-2026-01-18-at-17.48.18.jpeg 1080w" sizes="auto, (max-width: 300px) 100vw, 300px" /></a></figure></div>


<p>Un plaer presentar-vos els dimarts a la tarda a La Llum de la Vila la música en família de la mà de la Gabriela Luchilo, un programa especial dirigit a famílies amb petitons de 0 a 5 anys, amb una passió en comú amb La Llum de la Vila: la bona música a l&#8217;abast de tothom 😉</p>



<p>Una pedagogia que valora l&#8217;experimentació com a eina d&#8217;aprenentatge, fer música, viure la música i gaudir la música juntes per enriquir vincles i passar una tarda preciosa amb els vostres fills i filles, i poder-vos endur aquesta vivència a casa també.</p>



<p>DADES:</p>



<ul class="wp-block-list">
<li>Dimarts 17.15h</li>



<li>Sessions de grups reduïts (entre 8 i 10 famílies com a màxim)</li>



<li>Tarifa: 40€ mensuals</li>



<li>Més informació a: hola@lallumdelavila.com</li>



<li>Reserves: hola@lallumdelavila.com // +34 639 832 436</li>
</ul>

<p>Un plaer presentar-vos els dimarts a la tarda a La Llum de la Vila la música en família de la mà de la Gabriela Luchilo, un programa especial dirigit a famílies amb petitons de 0 a 5 anys, amb una passió en comú amb La Llum de la Vila: la bona música a l&#8217;abast de [&hellip;]</p>
