{"id":1629,"date":"2016-06-04T20:21:52","date_gmt":"2016-06-04T20:21:52","guid":{"rendered":"http:\/\/gray-otter-722198.hostingersite.com\/?page_id=1629"},"modified":"2017-06-13T09:43:14","modified_gmt":"2017-06-13T09:43:14","slug":"robotics","status":"publish","type":"page","link":"https:\/\/lallumdelavila.com\/blog\/robotics\/","title":{"rendered":"ROBOTICS"},"content":{"rendered":"<h1 style=\"text-align: center;\"><span style=\"color: #ff6600;\">ROBOTICS . <\/span><\/h1>\n<h1 style=\"text-align: center;\"><span style=\"color: #ff6600;\">SATURN EXPEDITION CHALLENGE<\/span><\/h1>\n<h1 style=\"text-align: center;\"><span style=\"color: #ff6600;\"><a href=\"https:\/\/lallumdelavila.com\/blog\/wp-content\/uploads\/2016\/06\/LOGO-CIRCULAR-1.jpg\"><img loading=\"lazy\" decoding=\"async\" class=\"size-medium wp-image-1956 aligncenter\" src=\"https:\/\/lallumdelavila.com\/blog\/wp-content\/uploads\/2016\/06\/LOGO-CIRCULAR-1-300x289.jpg\" alt=\"\" width=\"300\" height=\"289\" srcset=\"https:\/\/lallumdelavila.com\/blog\/wp-content\/uploads\/2016\/06\/LOGO-CIRCULAR-1-300x289.jpg 300w, https:\/\/lallumdelavila.com\/blog\/wp-content\/uploads\/2016\/06\/LOGO-CIRCULAR-1-768x740.jpg 768w, https:\/\/lallumdelavila.com\/blog\/wp-content\/uploads\/2016\/06\/LOGO-CIRCULAR-1-1024x986.jpg 1024w, https:\/\/lallumdelavila.com\/blog\/wp-content\/uploads\/2016\/06\/LOGO-CIRCULAR-1.jpg 1200w\" sizes=\"auto, (max-width: 300px) 100vw, 300px\" \/><\/a><\/span><\/h1>\n<p style=\"text-align: center;\"><em>QUEREMOS LLEGAR A SATURNO<\/em><\/p>\n<p style=\"text-align: center;\"><em> Y VAMOS A CONSTRUIR LAS NAVES Y LOS ROBOTS NECESARIOS PARA CONSEGUIRLO. <\/em><\/p>\n<p style=\"text-align: center;\"><em>ACEPTAS EL DESAFIO<\/em> ?<\/p>\n<p>&nbsp;<\/p>\n<p style=\"text-align: center;\"><strong><span style=\"color: #ff6600;\">DEVELOPING KID&#8217;S TOP TALENTS<\/span><\/strong><\/p>\n<p style=\"text-align: center;\">DIVERTIDA EXPERIENCIA DE APRENDIZAJE CON LEGO<\/p>\n<p style=\"text-align: center;\">* HANDS-ON LEARNING<\/p>\n<p style=\"text-align: center;\">* APRENDIZAJE CREATIVO Y EDUCATIVO<\/p>\n<p style=\"text-align: center;\">* DESARROLLA HABILIDADES ESENCIALES PARA LA VIDA<\/p>\n<p style=\"text-align: center;\">* Y EN INGL\u00c9S !!!<\/p>\n<p style=\"text-align: center;\"><span style=\"color: #ff6600;\"><strong>+ DE 135 ACTIVIDADES CON LEGO QUE LE AYUDAN A CRECER<\/strong><\/span><\/p>\n<p style=\"text-align: center;\"><span style=\"color: #ff6600;\"><strong>DESARROLLA EL M\u00c1XIMO POTENCIAL DE LOS ALUMNOS<\/strong><\/span><\/p>\n<p>&nbsp;<\/p>\n<h2><strong>ROBOTICS<\/strong><\/h2>\n<p>Con Target English <span style=\"color: #000000;\">(<span class=\"s1\"><a style=\"color: #000000;\" href=\"http:\/\/www.targetenglish.es\/\">www.targetenglish.es<\/a>)<\/span><\/span><\/p>\n<p>Para ni\u00f1@s de 7 a 11 a\u00f1os<\/p>\n<p>Horario: Jueves a las 18.10h<\/p>\n<p>Tarifa: 159\u20ac\/trimestre (incluye el material)<\/p>\n<p>Reservas: hola@gray-otter-722198.hostingersite.com<\/p>\n<h3><\/h3>\n<p>&nbsp;<\/p>\n<h3><div id=\"metaslider-id-1709\" style=\"max-width: 445px; margin: 0 auto;\" class=\"ml-slider-3-107-0 metaslider metaslider-flex metaslider-1709 ml-slider has-dots-nav ms-theme-default\" role=\"region\" aria-label=\"ROBOTICS \u2013 La LLum de la Vila\" data-height=\"300\" data-width=\"445\">\n    <div id=\"metaslider_container_1709\">\n        <div id=\"metaslider_1709\" class=\"flexslider\">\n            <ul class='slides'>\n            <\/ul>\n        <\/div>\n        \n    <\/div>\n<\/div><\/h3>\n<h3><\/h3>\n<p>&nbsp;<\/p>\n<h3><a href=\"https:\/\/lallumdelavila.com\/blog\/wp-content\/uploads\/2016\/06\/ROBOTICS.jpg\"><img loading=\"lazy\" decoding=\"async\" class=\"alignright size-medium wp-image-1625\" src=\"https:\/\/lallumdelavila.com\/blog\/wp-content\/uploads\/2016\/06\/ROBOTICS-300x225.jpg\" alt=\"ROBOTICS\" width=\"300\" height=\"225\" \/><\/a>01 INTRODUCCI\u00f3N<\/h3>\n<p>La rob\u00f3tica se considera que ser\u00e1 el pr\u00f3ximo boom del siglo y jugar\u00e1 un rol esencial en el futuro. Con esta premisa en mente, queremos ayudar a nuestros alumnos a preparar sus competencias para esta necesidad.<\/p>\n<p>&nbsp;<\/p>\n<h3><\/h3>\n<h3>02 A QUIEN VA DIRIGIDO<\/h3>\n<p>El Curso Robotics\u00a0es para <strong>ni\u00f1os de 7 a 11 a\u00f1os<\/strong>. Tiene una duraci\u00f3n de 1 a\u00f1o acad\u00e9mico, formado\u00a0por 3 trimestres, cada uno con un \u00e1rea de aprendizaje espec\u00edfica a desarrollar.<\/p>\n<p>Al finalizar este a\u00f1o, al siguiente curso, puede continuar con \u201cRobotics 2\u201d.<\/p>\n<p>&nbsp;<\/p>\n<h3><a href=\"https:\/\/lallumdelavila.com\/blog\/wp-content\/uploads\/2016\/06\/wedo-plane-model-9580.png\"><img loading=\"lazy\" decoding=\"async\" class=\"alignleft size-medium wp-image-1627\" src=\"https:\/\/lallumdelavila.com\/blog\/wp-content\/uploads\/2016\/06\/wedo-plane-model-9580-300x159.png\" alt=\"wedo-plane-model-9580\" width=\"300\" height=\"159\" \/><\/a>03 METODOLOGIA<\/h3>\n<p>Los alumnos tendr\u00e1n la oportunidad de dise\u00f1ar, crear y construir sus robots en clases. Desarrollaremos el razonamiento y todas las habilidades del siglo XXI que necesitar\u00e1n para ser competentes en un mundo donde casi todo estar\u00e1 perfeccionado por la rob\u00f3tica.<\/p>\n<p>Crear y programar robots va de la mano con las habilidades de resoluci\u00f3n de problemas y se nutren de la curiosidad natural de los ni\u00f1os, exactamente donde nacen las grandes ideas e ideas transformadoras.<\/p>\n<p>El futuro no yace s\u00f3lo en utilizar la tecnolog\u00eda, sino tambi\u00e9n en crearla. Para entender la rob\u00f3tica, lo ni\u00f1os aprenden a codificar y programar, y con esto, se les da una nueva estructura mental que les permite acceder a m\u00e1s oportunidades.<\/p>\n<p>&nbsp;<\/p>\n<h3><a href=\"https:\/\/lallumdelavila.com\/blog\/wp-content\/uploads\/2016\/06\/lego_wedo1.jpg\"><img loading=\"lazy\" decoding=\"async\" class=\"alignright size-medium wp-image-1628\" src=\"https:\/\/lallumdelavila.com\/blog\/wp-content\/uploads\/2016\/06\/lego_wedo1-300x190.jpg\" alt=\"lego_wedo1\" width=\"300\" height=\"190\" \/><\/a>04 BENEFICIOS<\/h3>\n<p>\u221a Los ni\u00f1@s empiezan a comprender la forma de pensar de los robots.<\/p>\n<p>\u221a Hacen su primer acercamiento a la programaci\u00f3n.<\/p>\n<p>\u221a Aprenden ingl\u00e9s: las clases son biling\u00fces y adaptamos el idioma al nivel del alumno.<\/p>\n<p>\u221a Trabajan en equipos de 3 y por proyectos.<\/p>\n<p>\u221a Mejoran sus habilidades de comunicaci\u00f3n y negociaci\u00f3n con sus compa\u00f1eros.<\/p>\n<p>\u221a Aumentan su resilencia y motivaci\u00f3n por el logro.<\/p>\n<p>\u221a Se divierten, se r\u00eden, se emocionan, hacen amigos, conocen ni\u00f1os nuevos.<\/p>\n<p>Todo en un ambiente relajado, con m\u00fasica animada y mesas grupales.<\/p>\n<p>&nbsp;<\/p>\n<p><span style=\"color: #ff6600;\"><strong>Special Parents Friendly !!!<\/strong><\/span>\u00a0Durante la actividad, los papis pueden quedarse al Espacio de Juegos, donde pueden tomar un caf\u00e9 o t\u00e9 del Self-Service,\u00a0\u00a0sentarse en los\u00a0sof\u00e1s a leer o conversar, conectarse a la\u00a0Wifi accesible y disfrutar ellos tambi\u00e9n de la tarde\u00a0?<\/p>\n<p>&nbsp;<\/p>\n<p class=\"p1\">Per fer la reserva de la pla\u00e7a per al taller de Robotics del proper curs 2016-2017 cal enviar un e-mail a hola@gray-otter-722198.hostingersite.com i posteriorment, un cop confirmada la pla\u00e7a per part nostra, ingressar 30\u20ac a cta. al\u00a0IBAN de PETITS I GRANS, SL a Banc Sabadell: ES34 0081 0376 4300 0125 5335 posant a la refer\u00e8ncia el nom del nen\/a participant i Robotics.\u00a0Gr\u00e0cies.<\/p>\n","protected":false},"excerpt":{"rendered":"<p>ROBOTICS . SATURN EXPEDITION CHALLENGE QUEREMOS LLEGAR A SATURNO Y VAMOS A CONSTRUIR LAS NAVES Y LOS ROBOTS NECESARIOS PARA CONSEGUIRLO. ACEPTAS EL DESAFIO ? &nbsp; DEVELOPING KID&#8217;S TOP TALENTS DIVERTIDA EXPERIENCIA DE APRENDIZAJE CON LEGO * HANDS-ON LEARNING * APRENDIZAJE CREATIVO Y EDUCATIVO * DESARROLLA HABILIDADES ESENCIALES PARA LA VIDA * Y EN INGL\u00c9S [&hellip;]<\/p>\n","protected":false},"author":2,"featured_media":0,"parent":0,"menu_order":0,"comment_status":"closed","ping_status":"closed","template":"","meta":{"footnotes":""},"class_list":["post-1629","page","type-page","status-publish","czr-hentry"],"_links":{"self":[{"href":"https:\/\/lallumdelavila.com\/blog\/wp-json\/wp\/v2\/pages\/1629","targetHints":{"allow":["GET"]}}],"collection":[{"href":"https:\/\/lallumdelavila.com\/blog\/wp-json\/wp\/v2\/pages"}],"about":[{"href":"https:\/\/lallumdelavila.com\/blog\/wp-json\/wp\/v2\/types\/page"}],"author":[{"embeddable":true,"href":"https:\/\/lallumdelavila.com\/blog\/wp-json\/wp\/v2\/users\/2"}],"replies":[{"embeddable":true,"href":"https:\/\/lallumdelavila.com\/blog\/wp-json\/wp\/v2\/comments?post=1629"}],"version-history":[{"count":13,"href":"https:\/\/lallumdelavila.com\/blog\/wp-json\/wp\/v2\/pages\/1629\/revisions"}],"predecessor-version":[{"id":1957,"href":"https:\/\/lallumdelavila.com\/blog\/wp-json\/wp\/v2\/pages\/1629\/revisions\/1957"}],"wp:attachment":[{"href":"https:\/\/lallumdelavila.com\/blog\/wp-json\/wp\/v2\/media?parent=1629"}],"curies":[{"name":"wp","href":"https:\/\/api.w.org\/{rel}","templated":true}]}}